p - v - 43 = 0, 2*v - 64 = -a*p - p. Calculate the greatest common divisor of r and p.
5
Suppose g - 1620 = -8*g. Calculate the highest common divisor of 45 and g.
45
Let v(a) = a**2 + 7*a + 1. Let j be v(-5). Let n = 12 + j. Calculate the highest common factor of 15 and n.
3
Let v(n) = -18*n - 4. Let y be v(-6). Suppose 0 = -5*j - l + 6, -j + 2*j + 10 = -3*l. Suppose 0 = 5*i - j*i - 39. What is the highest common factor of y and i?
13
Let y(k) be the second derivative of -k**3/6 - 2*k. Let l be y(-5). Let p = 21 - l. What is the greatest common factor of p and 2?
2
Let b(a) = -a**2 + 8*a - 10. Let l be b(6). What is the greatest common divisor of l and 22?
2
Let q be 4/(4/65) - 5. What is the highest common factor of q and 12?
12
Suppose 3*i - 133 = -3*w - 2*i, -4*w + 2*i = -134. Calculate the greatest common divisor of 9 and w.
9
Suppose 4 = 3*u - u. Suppose -i - 18 + 57 = u*t, 0 = -3*i - 2*t + 129. What is the greatest common divisor of i and 5?
5
Let i(c) = 26*c**2 - c - 6. Let x be i(3). What is the greatest common factor of x and 25?
25
Let c be (5 + 0)*(-3)/(-3). Suppose 19 = o + c. Let f = 11 + -9. Calculate the greatest common divisor of o and f.
2
Suppose 2*c + 1412 = -4*k, -c + 360 = -k - 5*c. Let n = k + 506. Calculate the highest common divisor of n and 22.
22
Let y = 9 - 5. Let r be 33/(-22) + 578/y. Calculate the highest common factor of r and 13.
13
Suppose -4*v - 88 = -15*v. What is the greatest common divisor of 12 and v?
4
Suppose 20 - 55 = 5*a. Let v = 15 + a. Suppose 3*f = 15 + 9. Calculate the greatest common divisor of v and f.
8
Let s(t) = t**3 + 6*t**2 - 10*t - 9. Let p be s(-7). Suppose -d = -4*z - 0*d + 523, 2*d - 670 = -5*z. What is the greatest common divisor of p and z?
12
Let f(a) = a**2 - a - 7. Let b be f(5). Let v = -4 + b. Let z = -20 - -21. Calculate the highest common factor of v and z.
1
Suppose -29 = -j - 4*m, -2*m = -j + 3*m - 16. Let n = -4 + 6. Let r = -1 + n. Calculate the greatest common factor of r and j.
1
Suppose -3*k - 2*h - 3 = -2*k, -8 = 2*k + 5*h. Calculate the highest common factor of 8 and k.
1
Let w = 15 - 10. Suppose 3*y - y - 133 = -5*b, b + w*y - 22 = 0. Suppose -40 = -0*k - 5*k + 4*j, b = 3*k - 3*j. Calculate the highest common factor of k and 36.
4
Let r(i) = i**2 + 13*i + 30. Let d be r(-12). What is the greatest common factor of 27 and d?
9
Suppose -q + 5*w - 10 = 4*w, 5*w - 22 = q. Let n be (-452)/(-14) - (-2)/q. What is the highest common divisor of n and 16?
16
Let b(d) = d**3 + 9*d**2 + 13*d + 23. Let q be b(-7). Calculate the greatest common factor of q and 15.
15
Let n = -13 - -24. What is the highest common divisor of 121 and n?
11
Let s be (0 + 1)*2 - -2. Suppose 0 = -5*b + 1 - 11. Let w = 4 + b. What is the highest common divisor of s and w?
2
Let s = 43 + -29. Calculate the highest common divisor of s and 28.
14
Let x = -73 + 103. Suppose -2*w = -5 - 25. Calculate the highest common divisor of x and w.
15
Let k(z) = -4*z**3 + z. Let p be k(-1). Suppose 0 = 3*v + 2*f - 41 + p, -4*f + 12 = 2*v. Calculate the greatest common factor of v and 32.
16
Suppose -6*b = -2*b - s + 106, -74 = 3*b + 2*s. Let y = -17 - b. What is the highest common factor of 63 and y?
9
Let v be 0/(0 - (0 - 3)). Suppose v*h + 56 = 4*h. Let f be ((-7)/3)/(2/(-96)). What is the highest common divisor of f and h?
14
Let j = 8 - -3. Suppose 3*y - 2*f + 6*f = 33, -5*f = 4*y - 44. Calculate the greatest common factor of j and y.
11
Let g(c) = c + 4. Let o be g(-5). Let m be (-2 + o)/((-3)/4). Let i be -6 + m - (-6)/1. Calculate the highest common factor of 16 and i.
4
Let c be (-2 - (2 + -2)) + 4. Suppose 0*p + 42 = 2*b - 5*p, 0 = 4*b + 4*p - 112. Suppose 44 + b = 5*a. Calculate the greatest common divisor of a and c.
2
Let k be ((-4)/(-5))/(6/495). Let c(n) = -n**2 - 5*n + 2. Let q be c(-4). What is the greatest common factor of k and q?
6
Let t = -48 - -26. Let q = 31 + t. Calculate the highest common divisor of 1 and q.
1
Suppose -4*f = 5*h - 121, -5*h + 44 = -4*f - 45. What is the greatest common factor of h and 21?
21
Suppose 0 = -8*z - 0*z + 880. Let g be 2/7 - (-75)/7. Calculate the highest common factor of z and g.
11
Let z(p) = 18*p - 3. Let x be z(1). Let m be ((-8)/(-6))/((-1)/(-3)). Suppose 9*j = m*j + 375. Calculate the highest common divisor of j and x.
15
Suppose -3*c = i - 52, -c + 7 + 22 = -2*i. Calculate the greatest common factor of c and 38.
19
Let i = 30 + -4. Let j be (-1 + i)/1 - 1. Calculate the highest common divisor of 168 and j.
24
Suppose 5*u - 418 = -3*p, 3*u + 5*p = 7*u - 327. Let m = u - 3. Calculate the greatest common factor of 10 and m.
10
Suppose -2*f + 18 = 6*b - 3*b, 0 = 4*f + 2*b - 20. What is the greatest common factor of f and 1?
1
Suppose -3*a - 8 = -5*a. Suppose -a*c = 8*b - 3*b - 104, -5*c + 52 = 3*b. What is the greatest common divisor of b and 36?
12
Let b = 12 - 15. Let i be (-1)/((b/7)/3). What is the highest common divisor of i and 35?
7
Suppose -5*n + z + 13 = -27, z = -2*n + 16. Calculate the greatest common divisor of 64 and n.
8
Let r = 3 - 3. Suppose 0 = 5*n - 5*c - 60, r = -4*c + 3*c - 4. What is the highest common divisor of n and 2?
2
Let z(y) = -y**2 + 10*y + 9. Let k be z(12). Let w = k + 28. What is the greatest common factor of w and 39?
13
Suppose a = 5*i - 30, -4*i + 3*a = 7*a. What is the highest common divisor of i and 15?
5
Let l = -8 + 14. Let s(i) = 6*i**2. Let q be s(2). Calculate the highest common divisor of q and l.
6
Let m = 6 - 4. Let b be (-34)/6 + m/3. Let u = b + 9. Calculate the highest common divisor of 1 and u.
1
Suppose 9 - 1 = 2*v, -3*v - 18 = -3*d. Calculate the greatest common factor of 30 and d.
10
Let b = -84 - -124. Calculate the highest common factor of 20 and b.
20
Let z be (4/(-5))/((-4)/60). Suppose 9 = 5*b - 11. Let r be 71/2 + 2/b. Calculate the highest common divisor of z and r.
12
Suppose 5*n - 252 = -2*q, 5*q - 2*n - 601 = -0*q. What is the highest common divisor of 11 and q?
11
Let g = 129 + 4. Let b be (12/8 + -2)*-14. Let v be b/(-21) - 116/(-6). What is the highest common divisor of v and g?
19
Let q be 2 + -2 + 2*3. Let y(r) = -7*r - 7. Let u be y(-6). Suppose -3*t = 5*x - 29, 0*x - 5*x - 5*t + u = 0. What is the greatest common factor of q and x?
2
Let t = 106 + -61. Suppose 4*a = f + a + 8, 0 = 2*f - 2*a. Suppose w = -f*w + 75. What is the highest common factor of t and w?
15
Let i be 6/(-4)*8/(-6). Suppose -2*x + z = -0*x + 1, -5*x - 5*z + 20 = 0. Let m be (-3)/((-3)/(x/1)). Calculate the highest common divisor of m and i.
1
Let v(g) = g**3 - 6*g**2 - 15*g + 9. Let j be v(8). Let a(w) = 2*w**2 + 6*w + 5. Let m be a(5). What is the highest common factor of j and m?
17
Let b = 7 - -5. Let q = 26 - b. What is the highest common factor of q and 140?
14
Let v be 2/2 + (-1 - -5). Suppose -4*t - p + 95 = 0, p = -v*t + 2*p + 130. Calculate the greatest common divisor of t and 225.
25
Let z(n) = 11*n. Let q be z(2). Let k = q - 16. Suppose -a - 4*r - 16 = -5*a, a + 4 = -3*r. What is the greatest common divisor of a and k?
2
Suppose -3*o + o - 372 = 4*z, 362 = -2*o + z. Let i = -105 - o. What is the greatest common divisor of 7 and i?
7
Let f(r) = 6*r**2 - 6*r. Let z be f(4). Let x be (36/(-10))/((-4)/10). Calculate the highest common divisor of x and z.
9
Suppose -x - 25 = -6*x. What is the highest common divisor of x and 20?
5
Let o(m) = m + 32. Let x be o(-18). What is the highest common factor of x and 112?
14
Let o = 80 + -128. Let t = -16 - o. Calculate the greatest common factor of t and 48.
16
Let q(a) = 5*a**2 + 1. Let k be q(-1). Suppose -2*j + 0 = -k. Suppose 4*r = v - 1, -j*v - 2*v + 3*r + 56 = 0. What is the greatest common divisor of 143 and v?
13
Let d = 9 + -9. Suppose -4*v + d*b = -b + 74, b = -5*v - 88. Let a be 60/v*36/(-5). Calculate the greatest common factor of a and 6.
6
Let i = -10 - 3. Let m = i + 57. Calculate the greatest common factor of m and 4.
4
Suppose k - 2*i = 37, -4*k + 3*i + 239 = 81. What is the highest common factor of 205 and k?
41
Let g be -24*(0 - (-28)/(-6)). Suppose 3*j + 2*o - 30 = 12, j + 2*o = 14. What is the highest common factor of g and j?
14
Let o(y) = y**3 - 8*y**2 + 7*y + 3. Let w be o(7). Let k be 82/10 - w/15. Let m be (-1 - -9)*30/3. Calculate the greatest com